est common divisor of 23 and i?
23
Suppose -4*k + 25 = 1. Let d(b) be the second derivative of b**3/3 + 3*b**2/2 + 17*b. Let s be d(k). Calculate the greatest common factor of 45 and s.
15
Suppose 3*w - 21 = -3*i, 10 = 5*w - 10. Suppose g = -i*j - 0*j - 2, 2*g - 2*j - 12 = 0. What is the greatest common factor of 64 and g?
4
Let m = -234 + 477. Calculate the highest common factor of 81 and m.
81
Let a(h) = 32*h. Let s be a(3). Let r(i) = i**2 - i + 6. Let k be r(-6). Suppose -27*x = -31*x + k. What is the greatest common divisor of s and x?
12
Let a be -44 - ((-3 - -2) + -1). Let u = 46 + a. What is the greatest common factor of u and 64?
4
Let x(n) = -n**3 + 7*n**2 - 4*n - 10. Let l be x(6). Suppose -5*j + 267 = -l*u + 5*u, -50 = -j - 4*u. Calculate the greatest common factor of 6 and j.
6
Let n(y) = -72*y + 306. Let p be n(-3). What is the greatest common factor of p and 116?
58
Let w(j) = j**3 - 26*j**2 - 13*j + 35. Let z be w(26). Let m = -127 - z. Calculate the greatest common factor of 16 and m.
16
Suppose 7*d - 8*d = -13. Suppose 7*k + 390 = d*k. Calculate the greatest common factor of k and 26.
13
Let x = 45 - 91. Let u = 47 + x. Calculate the greatest common factor of u and 5.
1
Let g(l) = l**2 + 4*l + 12. Let v be g(-5). What is the greatest common divisor of v and 4131?
17
Let o be -2 + (-12)/(-4) + 1. Suppose 17 = o*g - 19. What is the greatest common factor of g and 288?
18
Let g(q) = q**2 - q + 6. Let s be g(0). Calculate the highest common divisor of s and 120.
6
Let s(l) = l - 2. Let o be s(-1). Let t(n) = -30*n - 6. Let w be t(o). What is the highest common factor of 14 and w?
14
Suppose s = -4*l - 15, -3*s - 2*l + 1 = -4. Suppose -120 = s*h - 10*h. Calculate the highest common divisor of h and 30.
6
Let p(c) be the second derivative of -1/12*c**4 + 6*c - 5*c**2 + 0 - 11/6*c**3. Let o be p(-7). Calculate the greatest common divisor of o and 162.
18
Let w = 4 + 77. Calculate the greatest common divisor of w and 3.
3
Let v be (-4)/10 + 924/10. Calculate the highest common factor of 230 and v.
46
Let m be 35/((-3185)/(-702))*(-28)/(-3). What is the highest common divisor of 369 and m?
9
Let a(s) = 4*s - 7. Suppose 5*j = -3*g + 5, -2*j + 3*j = 1. Suppose -n + 4 = -g. Let y be a(n). What is the greatest common factor of y and 99?
9
Let b = -4 - 0. Let i(t) = -4*t**2 - 3*t + 4. Let j be i(b). Let p = -30 - j. Calculate the greatest common factor of p and 72.
18
Let n(a) = -132*a**3 - 2*a**2 + a + 3. Let w be n(-1). What is the highest common divisor of w and 88?
44
Let a(d) = -2*d + 16. Suppose -19 = -4*n + 3*n. Suppose -4*i - n = -3. Let o be a(i). Calculate the greatest common factor of o and 24.
24
Let j(y) = y**2 + 4*y + 22. Let a be j(0). Let v(f) = 5*f - 54. Let z be v(a). What is the highest common divisor of z and 7?
7
Let u be ((-56)/21)/(4/(-6)). Suppose -u*s + 49 + 7 = 0. What is the greatest common divisor of s and 140?
14
Let t = 11 - 1. What is the greatest common divisor of t and 10?
10
Suppose -2*u - 5 = -3*u. Suppose -d + 5*g = -0*d - 75, u*g + 235 = 3*d. Suppose 15 = -5*i + 175. Calculate the greatest common divisor of d and i.
16
Let t be (4 + -2 - -2) + 0. Suppose -4*w = -5*c + 113 + 17, 0 = 4*c - t*w - 108. Calculate the greatest common factor of c and 22.
22
Let v(g) = 25*g**2 + 2*g. Let f be v(-2). Suppose 6*b - f - 366 = 0. Calculate the highest common factor of 11 and b.
11
Let b be ((-2130)/3)/(-5) - 2. Calculate the highest common divisor of b and 70.
70
Let g = -2331 + 2837. Calculate the highest common factor of g and 198.
22
Let k(f) = f**3 - 15*f - 14. Let r be k(6). Calculate the highest common divisor of 84 and r.
28
Suppose -1 = -2*c + 15. Let r(u) = 25*u - 8. Let z be r(c). What is the highest common divisor of z and 24?
24
Suppose 13 = 4*l - 7. Suppose -3 = -4*i + l. Suppose 0 = 5*c - i*c - 57. What is the highest common divisor of 209 and c?
19
Let t be (112/(-35) - 0)/(10/(-175)). Calculate the greatest common factor of 4 and t.
4
Let s = 0 - -4. Suppose s*j - 15 = -j. Suppose j*v = -16 + 49. Calculate the highest common divisor of v and 33.
11
Suppose 5*l = -4*v + 2151, -v + 3*l = -735 + 193. Calculate the highest common divisor of 49 and v.
49
Suppose 4*o = -35*o + 702. Let h be ((-18)/(-12))/(2/264). What is the highest common factor of o and h?
18
Suppose -305 = -5*f - 110. Let s be 6 - (3/3 - 0). Suppose -2 = -s*l + 63. Calculate the highest common divisor of f and l.
13
Suppose 9*a + 1248 = 25*a. Calculate the highest common divisor of a and 130.
26
Let i(v) = 61*v**2 - v - 62. Let j be i(-4). What is the greatest common divisor of j and 34?
34
Suppose 0 = -2*d - 2*v - 2, 18 = 2*d - 2*v + 4. Suppose -d*u = 2*u - 50. Let m = u + 4. Calculate the greatest common factor of 98 and m.
14
Let f(w) = w - 3. Let n be f(6). Suppose -t - 4 = -n*t. Suppose -t*m + 6*m - 80 = 0. What is the highest common factor of 4 and m?
4
Let s(w) = 2*w - 12. Let r be s(7). Suppose -2 = 2*z - 5*u - 88, 2*z + r*u = 100. What is the highest common divisor of z and 32?
16
Suppose 2*q = 4*x + 434, 0 = q - 2*q + 4*x + 225. Let s = q - 143. Calculate the greatest common divisor of 11 and s.
11
Let j(z) = z**2 - 20*z + 95. Let k be j(23). What is the highest common divisor of k and 123?
41
Let c(i) = -3*i**3 + 8*i**2 + 68*i + 8. Let f be c(-5). What is the greatest common factor of f and 135?
27
Let k = 352 + -347. Suppose 3*z + 88 = 4*j, 0*j - 4*j + 2*z + 92 = 0. What is the highest common divisor of j and k?
5
Let c be 12*6/(1 - -1). Let s = -22 + c. Calculate the highest common divisor of s and 2.
2
Suppose -u + 4*t + 16 = 0, u - 2*u + t = -13. Let r be ((-68)/u - -3)*3*-2. Calculate the greatest common factor of r and 16.
16
Let o(f) = 3*f - 4*f + 1 + 1 + 15. Let t be o(9). Let z(v) = 3*v**2 - 3*v - 4. Let p be z(4). What is the greatest common factor of p and t?
8
Suppose 0 = -2*c - k + 981, 47*c - 5*k + 961 = 49*c. Calculate the greatest common divisor of c and 17.
17
Let t = -15 + 2. Let i = 16 + t. Suppose 0*o - 3*h = i*o - 87, 4*h + 9 = o. Calculate the greatest common divisor of o and 175.
25
Let z(x) = -x**3 + 16*x**2 - 3*x + 7. Let m be z(15). What is the highest common factor of 33 and m?
11
Suppose g + 1 = n + 12, -4*n + 4 = -g. Calculate the highest common factor of 4 and g.
4
Let c(n) = -75*n - 12. Let b be c(-1). What is the highest common divisor of 42 and b?
21
Suppose 132 = 4*a - 2*o, -5*o - 74 = -2*a - 0*o. Let q be 2*4/(-4) + a. Calculate the greatest common factor of q and 12.
6
Suppose 0 = 5*r - 5, 0*i + 2*r = 3*i - 889. Calculate the highest common factor of i and 27.
27
Suppose 3*a - 203 = -5*v - 39, -2*v - 88 = -2*a. Let s be -4 + -2 + 7 + -1 + a. What is the highest common factor of s and 32?
16
Let f = -44 + 68. Suppose k + k = -8. Let r(v) = -11*v - 8. Let x be r(k). Calculate the greatest common factor of x and f.
12
Suppose 20*t + 2006 = 5*d + 18*t, -d + t = -400. What is the greatest common factor of d and 6?
6
Suppose -2*k + 40 = 3*k. Let o be (-4)/30 - 24/(-180). Suppose o = -4*t + 92 - 12. What is the highest common factor of t and k?
4
Let u(j) = 5*j - 10. Let r be u(6). Calculate the highest common factor of 30 and r.
10
Let o be (42/105)/(512/510 - 1). Calculate the greatest common factor of o and 238.
34
Let o = -11 - -4. Let j(z) = 2*z**2 + z - 1. Let u be j(o). What is the greatest common factor of u and 9?
9
Let g be (-16)/(-48) + 16/6 + 1. Suppose 4*f = 3*u + 23, 3*u - 7*u = -4*f + 28. Calculate the greatest common divisor of f and g.
2
Suppose -7*g + 6*g = -23. Let v = g - 21. Let w(h) = -h**2 - 8*h - 6. Let m be w(-6). Calculate the highest common divisor of m and v.
2
Let k be (-5 - (-222)/42) + (-3272)/(-14). Suppose -3*x + 49 = -29. What is the highest common factor of x and k?
26
Let d = -2291 - -3487. Calculate the greatest common factor of 52 and d.
52
Let x be (-2754)/(-69) + (-30)/(-345). Calculate the greatest common divisor of x and 60.
20
Let s be (-992)/(-72) + (-4)/(-18). Let x = 77 - 35. Calculate the highest common divisor of x and s.
14
Suppose -3*w + 3*f - 60 = 0, -5*w + 5*f = -w + 82. Let v be (24/9 + -3)*w. What is the highest common factor of 48 and v?
6
Let p be 760/6*78/65. Let f = -101 - -120. What is the highest common divisor of p and f?
19
Let b 